er?
False
Is 7609681067 a composite number?
True
Is 359410847 composite?
True
Is 38718020911 composite?
False
Is 73319691365 a composite number?
True
Is 5460236269 composite?
True
Is 87531911998 a prime number?
False
Is 9645690049 a composite number?
False
Is 3697358383 a prime number?
True
Is 30577153643 a prime number?
False
Is 927510619 a composite number?
True
Is 778281523 a prime number?
True
Is 54095600621 prime?
True
Is 100526212555 composite?
True
Is 4991867923 a prime number?
False
Is 7483457869 a prime number?
False
Is 12831585031 prime?
True
Is 1297826723 composite?
False
Is 945863323 a composite number?
True
Is 104941321 composite?
True
Is 332983663 prime?
True
Is 1508530193 a composite number?
False
Is 3272519249 a prime number?
True
Is 14849282303 a composite number?
True
Is 149231931637 a composite number?
True
Is 2160488849 a composite number?
False
Is 110964001 prime?
True
Is 15704984611 prime?
True
Is 2734238519 a prime number?
True
Is 339513211 a prime number?
True
Is 2015014021 prime?
True
Is 15102494023 composite?
True
Is 14639983537 a prime number?
True
Is 47210369611 a prime number?
False
Is 18909148051 prime?
False
Is 98808409433 composite?
False
Is 3779943469 a composite number?
False
Is 28658753 a composite number?
True
Is 734081857 composite?
False
Is 7500287897 prime?
True
Is 644035677 prime?
False
Is 4163274953 a composite number?
False
Is 3256530619 a composite number?
True
Is 13372247807 a prime number?
False
Is 5298472313 a prime number?
True
Is 98317847 prime?
False
Is 22325501621 composite?
False
Is 7124201093 prime?
True
Is 3342578147 composite?
False
Is 1082389787 a composite number?
True
Is 2813584199 a composite number?
True
Is 3495957391 composite?
False
Is 77334518 composite?
True
Is 6048927622 composite?
True
Is 1141958507 a composite number?
False
Is 17117278709 prime?
True
Is 9308812007 composite?
True
Is 7484617613 composite?
True
Is 225262273 prime?
False
Is 351231743 prime?
True
Is 2518993289 a composite number?
True
Is 19393140977 a prime number?
False
Is 1941619391 a composite number?
False
Is 750405979 composite?
True
Is 57984982961 a composite number?
True
Is 1285189501 a composite number?
False
Is 6114452621 prime?
False
Is 12191905499 prime?
False
Is 4406849669 composite?
True
Is 16277154317 prime?
False
Is 811551133 a prime number?
False
Is 27296400367 composite?
False
Is 7937496361 a composite number?
False
Is 2677361689 prime?
True
Is 14344567949 a composite number?
False
Is 1414278883 composite?
False
Is 4671017051 prime?
False
Is 1943376177 prime?
False
Is 97237155751 a composite number?
True
Is 15689746153 a composite number?
False
Is 3452448253 a composite number?
False
Is 6934933619 composite?
True
Is 3324210439 composite?
True
Is 2088622927 prime?
True
Is 5401223431 a composite number?
False
Is 599616491 a prime number?
False
Is 786239581 composite?
False
Is 4559108485 a prime number?
False
Is 926896237 a prime number?
True
Is 5508471379 prime?
True
Is 24626409077 composite?
True
Is 5901976607 prime?
False
Is 32801088183 composite?
True
Is 39282855779 composite?
False
Is 237342641401 a composite number?
False
Is 2405779581 prime?
False
Is 7617835009 prime?
False
Is 13666306883 a composite number?
True
Is 835973651 a composite number?
False
Is 221433671 a prime number?
True
Is 85221846043 a composite number?
False
Is 5620776443 a composite number?
True
Is 5186091191 composite?
True
Is 56876674243 prime?
True
Is 5916387887 a composite number?
False
Is 7565495243 a composite number?
True
Is 29224537009 a composite number?
True
Is 19095809933 prime?
False
Is 1019109143 composite?
True
Is 148367412847 prime?
False
Is 80003670547 a prime number?
True
Is 1847472929 prime?
True
Is 1745095481 a prime number?
True
Is 685577539 a composite number?
True
Is 11907955543 composite?
True
Is 47161943251 a prime number?
False
Is 119336745511 a prime number?
True
Is 8738001251 a composite number?
True
Is 11605441031 composite?
False
Is 36344339417 a prime number?
True
Is 1618855649 a prime number?
True
Is 11417303809 prime?
False
Is 990328481 a composite number?
True
Is 2226567579 composite?
True
Is 246028883 a prime number?
True
Is 6575299937 a prime number?
False
Is 23516460257 a prime number?
True
Is 55919430221 a prime number?
False
Is 114896297 a prime number?
False
Is 492288899 composite?
True
Is 35375052161 a composite number?
True
Is 5093752087 a prime number?
False
Is 4021863607 a composite number?
True
Is 22264997691 composite?
True
Is 48895181347 prime?
False
Is 130057008121 prime?
False
Is 3333429107 a prime number?
True
Is 2309493455 a composite number?
True
Is 828767371 a composite number?
False
Is 901422337 prime?
True
Is 38362879153 a composite number?
False
Is 685008385 composite?
True
Is 131276569 a prime number?
True
Is 6358310531 a composite number?
False
Is 12957262673 a prime number?
True
Is 11400068891 a prime number?
True
Is 16464353 a prime number?
True
Is 3625886339 a prime number?
False
Is 3456804749 a prime number?
False
Is 37877735999 a prime number?
True
Is 5121987067 composite?
True
Is 740815177 a prime number?
True
Is 7446924965 a composite number?
True
Is 2237824571 composite?
False
Is 25959369133 a composite number?
True
Is 4030344167 a composite number?
False
Is 468660991 prime?
False
Is 762120677 composite?
False
Is 37040309447 prime?
True
Is 6657433319 a composite number?
False
Is 8977300373 a composite number?
False
Is 124952288537 composite?
True
Is 99353197 composite?
True
Is 6655511261 composite?
True
Is 96796360291 a prime number?
False
Is 7500003869 a composite number?
False
Is 5802977009 a prime number?
False
Is 19591214939 a prime number?
False
Is 3920949787 prime?
True
Is 155859099005 a composite number?
True
Is 5713610387 prime?
True
Is 47513896718 composite?
True
Is 16663960837 a prime number?
False
Is 4217484751 composite?
False
Is 56247224359 a composite number?
False
Is 1544818117 prime?
False
Is 225069991 composite?
True
Is 137719409 prime?
False
Is 2526079 a composite number?
True
Is 791903929 a composite number?
True
Is 81851034073 a prime number?
True
Is 12293533229 composite?
False
Is 7421147269 composite?
False
Is 560001435209 a composite number?
False
Is 55586047081 a prime number?
True
Is 40325984551 a prime number?
True
Is 4366729079 a composite number?
True
Is 1222605851 composite?
True
Is 20648272759 composite?
False
Is 21521744107 a prime number?
False
Is 311804333 a composite number?
False
Is 582547871 a prime number?
True
Is 355200577 prime?
False
Is 18427591753 a prime number?
False
Is 1331757617 composite?
True
Is 1695376121 composite?
False
Is 12722021411 composite?
True
Is 971026055 composite?
True
Is 11305873669 composite?
True
Is 46198420717 a composite number?
False
Is 13427030567 a composite number?
False
Is 4617648991 a prime number?
False
Is 6429958439 a prime number?
True
Is 7766676231 a composite number?
True
Is 362245063 prime?
True
Is 4041292963 composite?
True
Is 2560472071 a composite number?
False
Is 33673699757 prime?
False
Is 40454022923 a prime number?
False
Is 116588981713 prime?
True
Is 8216249423 a composite number?
False
Is 1458278155 a composite number?
True
Is 387352439 a composite number?
False
Is 223734598877 a prime number?
True
Is 12788474597 a composite number?
True
Is 593149679 a prime number?
True
Is 23985976649 composite?
False
Is 25662343141 a composite number?
True
Is 869403823 prime?
False
Is 2245976017 a composite number?
False
Is 45788711 a composite number?
False
Is 1829226983 a prime number?
True
Is 3748789721 a composite number?
False
Is 4367865581 composite?
False
Is 20348526021 a prime number?
False
Is 182524339 composite?
False
Is 49305654089 a composite number?
True
Is 35661979978 a composite number?
True
Is 16034234291 prime?
True
Is 1316485981 a composite number?
False
Is 1082064701 composite?
False
Is 19630107433 a composite number?
False
Is 22558250177 composite?
False
Is 1332329267 a prime number?
False
Is 8772916513 a composite number?
False
Is 1109362247 prime?
False
Is 864038291 a prime number?
True
Is 2899544573 a prime number?
False
Is 12556162757 composite?
False
Is 13576274641 composite?
True
Is 10655474135 prime?
False
Is 12690094723 a prime number?
True
Is 4878754591 a compo